x + 13, 2*x + 4 = -3*j - 0. What is the units digit of x?
1
Let f = 14727 + -14172. What is the hundreds digit of f?
5
Suppose -16*k = -3*k + 7*k - 61700. What is the hundreds digit of k?
0
Let c = 147 + -153. Let k(r) = -5*r**3 - 5*r**2 + 22*r + 10. What is the hundreds digit of k(c)?
7
Suppose -10 + 88 = y. Suppose 33*p = 32*p - y. Let z = p + 129. What is the units digit of z?
1
Let u(h) = -4*h + 137. Let d be u(33). What is the thousands digit of (-40)/d - -9 - -1025?
1
Let z(t) = 6*t + 2*t - 13 - 16*t + 41. Let l be z(-13). What is the units digit of (61/4)/(11/l)?
3
Suppose -2*r - r + 3*b + 21 = 0, -3*r - 3*b + 15 = 0. Suppose 5*i - 1530 = -4*n, -2*n = -4 - r. What is the hundreds digit of i?
3
Let n = -8 + 71. Let s = n + 307. Let l = -197 + s. What is the tens digit of l?
7
Let x(d) = 2*d**2 - 4 - 2*d**3 + 2*d - 6*d**2 - 6*d. Suppose 1089*p - 1121*p - 128 = 0. What is the tens digit of x(p)?
7
Suppose 0 = 4*x, 0 = 5*k + 4*x - 79 + 9. What is the hundreds digit of (7/k)/((-4)/(-4760))?
5
Suppose 250*s = 617932 + 222568. What is the tens digit of s?
6
Let j = 187 + -183. Suppose 0 = -j*b + i + 27 + 45, -b - 5*i + 39 = 0. What is the units digit of b?
9
Suppose -5*i = -374 - 501. What is the tens digit of i?
7
Let p(d) = -137*d - 253. What is the tens digit of p(-47)?
8
Let m be (-8)/(-4)*(-2)/(-4) - 17. Let i(p) = p**2 + 16*p + 20. Let q be i(m). What is the units digit of (-2*(-7 - 1))/(5/q)?
4
Suppose 4*y = 3*y + 2*p, -2*y - 6 = 2*p. What is the units digit of (-3)/y*(-13088)/(-48)?
9
What is the hundreds digit of (-2 - -1) + 4 - (-1 - (-35018)/(-2))?
5
Suppose -7 + 2 = k + 4*a, -k - 2*a - 1 = 0. Suppose 4*t = -2*y + 2214, 0 = -k*t - 7*y + 6*y + 1660. Suppose 0 = 2*h + 5*h - t. What is the tens digit of h?
7
Let n be (2216/12)/(1 - 28/36). Let b = 1407 - n. What is the hundreds digit of b?
5
Let g = -30 - -28. Let j(w) = -58*w**3 - 7*w - 14. What is the units digit of j(g)?
4
Let z be 2 - 1 - -5 - -120. Let r = 122 + z. What is the tens digit of r?
4
Let k(u) = 3*u**3 + 11*u**2 + 14. Let z be k(-8). Let d = 1379 + z. What is the tens digit of d?
6
Let c(d) = d**3 + 88*d**2 + 123*d - 155. What is the tens digit of c(-86)?
5
Let q(p) = 2*p**3 + 7*p**2 + 2*p - 3. Let v be q(-3). Suppose v*m - 20 = -3*m + 4*i, 5*i = -10. Suppose x = m + 2. What is the units digit of x?
6
Suppose -64*b + 148691 = -52*b + 6191. What is the units digit of b?
5
Let x(q) = q**3 + 20*q**2 + 26*q - 21. Let y be (-1452)/88 - (-1)/2. What is the units digit of x(y)?
7
Let z be (-10)/180*-57 + 2/(-12). Suppose 15*t - 14094 = -z*t. What is the hundreds digit of t?
7
Let q = -38 + 16. Let y = 43 + q. Suppose -j + 3*u + 2*u = -y, 0 = -u. What is the units digit of j?
1
Let z(m) = -m**3 + 13*m**2 - 8*m - 16. Suppose -19*b - 5*y = -22*b + 27, b - 9 = -5*y. What is the units digit of z(b)?
6
Let y = 20513 + -11734. What is the tens digit of y?
7
Let k = 19776 + -14073. What is the hundreds digit of k?
7
Let m(i) = -60*i - 104. Let l be m(-5). Suppose -2*y + 35 = 2*t - 53, 0 = 5*y - t - l. What is the tens digit of y?
4
Let u = 119791 + -62188. What is the hundreds digit of u?
6
Suppose -48030 = -5*g - 11*a + 16*a, 2*a = -2*g + 19192. What is the tens digit of g?
0
Suppose -5*k = -0*k, 3*k = -2*p + 20. What is the tens digit of 1 + 311 + -6 + p?
1
Let a be 4/(-8) + (-154)/4. Let o = -7 - a. Suppose 0 = 2*q + c - 33, 3*q + 4*c - o = -c. What is the tens digit of q?
1
Let v be ((-2 - -200) + -3)*(-12)/(-5). What is the hundreds digit of v + -42 - (5 - -1)?
4
Let a(x) = x**2 - 11*x + 26. Let b be a(8). Suppose -b*z = 2*h - 18, 0 = 4*z - 4*h - 0*h - 28. Suppose z*t = -28 + 196. What is the tens digit of t?
2
Let m be (-9)/((-9)/2 + 3). Let z(d) = d**3 - 8*d**2 + 12*d - 5. Let a be z(m). What is the units digit of a/(-15) + 47/3?
6
Let p(j) = 953*j**3 + j**2 - 8*j + 7. What is the units digit of p(1)?
3
Let c(s) = 4*s**3 - 14*s**2 - 101*s - 112. What is the ten thousands digit of c(23)?
3
Let q(u) = -61*u - 20. Let f(c) = -122*c - 39. Let i(y) = -3*f(y) + 5*q(y). Let v be i(-4). Let w = v - -326. What is the units digit of w?
9
Let i(d) = 2*d**2 + d - 2. Let u be i(-8). Suppose 20*m - 29 = -649. Let r = u - m. What is the hundreds digit of r?
1
Suppose -4*i = -20 - 28301 - 17695. What is the hundreds digit of i?
5
Let x(b) = -2*b**3 - 11*b**2 - 6*b - 9. Let v be x(-5). Let d(g) = -62*g - 51. What is the units digit of d(v)?
7
Let f be -41 + 55 - 0/(-4). Let b(u) = 52*u - 1. Let t be b(-2). Let a = f - t. What is the units digit of a?
9
Let x(o) = -2*o + 66. Let k be x(39). What is the hundreds digit of (-4)/12*k/(-6)*-1761?
1
Suppose -14*b - 480 = -11*b. Let t = 175 + b. What is the tens digit of t?
1
Suppose -7 - 3 = 2*t, 4*k - t + 31 = 0. Let v be (-3)/k + 4/6 - -157. What is the tens digit of 3/(9/(-3)) + v/2?
7
Let g(a) = -24*a - 39. Let l be g(-2). Suppose -7*h = l*h - 752. What is the units digit of h?
7
Let d = 11325 + 1632. What is the hundreds digit of d?
9
Let f(q) = q**3 - 20*q**2 + 40*q + 17. Let g be f(17). Suppose 305 + 556 = 3*b. Let s = b + g. What is the hundreds digit of s?
1
Suppose 0 = -o - 15103 + 19080. What is the tens digit of o?
7
Let d(b) = b**3 + 4*b**2 + 4. Let i be d(0). What is the tens digit of -504*(3 + (-16)/i)?
0
Suppose -23*k + 424 = -12*k - 14305. What is the thousands digit of k?
1
Let u be 3/(-12)*(-17 - -1). Suppose 4*v = 2*f + 12, -u = -6*f + 4*f. Suppose 3*h + 3*a - 183 = 213, -v*h - 3*a + 532 = 0. What is the units digit of h?
6
Let j = 210 + -87. Suppose 127 = 5*q - 2*l, 7*q = 2*q - 2*l + j. What is the units digit of q?
5
Let z be -163*(150/(-60))/(1/2). Suppose 0 = -3*x - 4*o + 7*o + 2442, x - z = 2*o. What is the units digit of x?
3
Let s(y) = -y**3 - 17*y**2 + 18*y + 4. Let t be s(-18). Suppose -t*k - n = -999, -4*k + 1008 = -n + 5*n. What is the hundreds digit of k?
2
Suppose 3*a = 2*a + 5*p - 29, -4*a = p + 32. Let n(g) = 52*g - 13. Let y(x) = 21*x - 6. Let m(q) = 6*n(q) - 15*y(q). What is the units digit of m(a)?
9
Let m = 243 - 161. Let y be 1/(-10) + -2 + 6648/80. Let u = m - y. What is the units digit of u?
1
What is the hundreds digit of 370/(-148)*(-12686)/5?
3
Suppose -5*x = -400 - 60. Let k = -2 - -4. Suppose k*c - 10 = x. What is the tens digit of c?
5
Let q(j) = 4*j**3 + 278*j**2 - 20*j + 287. What is the hundreds digit of q(-68)?
3
Suppose -3*j - 2*h = j - 30, 3*h = -5*j + 38. Suppose -j*n - 4*n + 1782 = 0. Suppose 14*s + n = 17*s. What is the units digit of s?
4
Let y be (1 - (-9)/(-15)) + (-7530)/75. What is the units digit of (11/(-2))/(2/y)?
5
What is the units digit of ((6 - 9) + 9019)*(-2 + 6)/1?
4
Suppose -117508 = -16*p + 21073 + 43771. What is the tens digit of p?
9
Suppose 2890 = 22*j - 17*j. Suppose 3*k = j + 379. What is the hundreds digit of k?
3
Let k(i) = 10*i**2 + 5*i - 212. Let l be k(-18). Suppose 3*m - l = -2*y - 0*m, 5*y - 4*m - 7299 = 0. What is the hundreds digit of y?
4
Let n(g) = 11*g - 49. Let x be n(14). Let c = x + -220. Let u = -91 - c. What is the units digit of u?
4
Suppose -26*v + 38*v = 71844. What is the tens digit of v?
8
Suppose -38*f + 211337 = -1225452 + 119975. What is the units digit of f?
3
Let s(g) = 116*g - 1388. What is the hundreds digit of s(18)?
7
Let z(y) = -187*y + 1215. What is the units digit of z(-55)?
0
Let i be (-3)/(8*(-42)/(-11984)). Let j = -172 - -341. Let u = i + j. What is the tens digit of u?
6
Let r(n) = n + 2. Let b be r(3). Let a(k) be the third derivative of k**5/30 - 3*k**4/8 + 13*k**3/3 + 44*k**2 + 3*k. What is the units digit of a(b)?
1
Let o = 7212 - 1777. What is the tens digit of o?
3
Suppose 0*f = -3*f. Suppose 5*z + 2*h - 4*h - 81 = 0, f = h + 3. Let c = 37 - z. What is the tens digit of c?
2
Suppose 4*o + a = 231, 5*a + 176 = 3*o + 3*a. Let q = o - 56. What is the units digit of (-4 - q)/(15/(-380))?
2
Let o(c) = 5*c**2 - 10*c - 8. Let y(n) = 6*n**2 - 11*n - 8. Let g(u) = 5*o(u) - 4*y(u). Let p be g(-2). What is the units digit of (5 + p/(-2))*(0 - -44)?
4
Suppose 7*v = y + 437822, 80*v - y - 250184 = 76*v. What is the tens digit of v?
4
Let c(b) = b**3 - 6*b**2 - 6*b - 2. Let i be c(7). Suppose -4*p = t - 115, t = -i*p + 6*t + 125. Let r = 72 - p. What is the tens digit of r?
4
What is the units digit of 12/44 + 107467*2/22?
0
What is the un